digit of 42470914?
9
What is the billions digit of 2504611532?
2
What is the hundreds digit of 139172784?
7
What is the hundred millions digit of 2259418881?
2
What is the ten thousands digit of 193871239?
7
What is the tens digit of 1101333923?
2
What is the ten thousands digit of 2401157460?
5
What is the millions digit of 22204556?
2
What is the thousands digit of 2235214145?
4
What is the hundred millions digit of 1343783136?
3
What is the ten thousands digit of 14272409?
7
What is the hundreds digit of 124512576?
5
What is the ten millions digit of 166055056?
6
What is the hundred thousands digit of 41020879?
0
What is the ten millions digit of 126466699?
2
What is the tens digit of 202267489?
8
What is the ten millions digit of 1868101788?
6
What is the thousands digit of 39139115?
9
What is the millions digit of 139560313?
9
What is the thousands digit of 2051163531?
3
What is the ten millions digit of 1339370055?
3
What is the hundred millions digit of 5515959458?
5
What is the hundreds digit of 7532106?
1
What is the millions digit of 1961841827?
1
What is the thousands digit of 7731416290?
6
What is the millions digit of 10249031?
0
What is the ten thousands digit of 193295143?
9
What is the ten millions digit of 141009001?
4
What is the units digit of 183805722?
2
What is the tens digit of 183169360?
6
What is the hundred thousands digit of 85881101?
8
What is the ten thousands digit of 41246390?
4
What is the hundreds digit of 6650654295?
2
What is the units digit of 131369476?
6
What is the ten thousands digit of 17706442?
0
What is the hundred thousands digit of 24997588?
9
What is the hundred thousands digit of 26588499?
5
What is the units digit of 74887007?
7
What is the tens digit of 99013295?
9
What is the tens digit of 1731205832?
3
What is the ten thousands digit of 145071348?
7
What is the millions digit of 4373525?
4
What is the ten millions digit of 11980805?
1
What is the ten millions digit of 9209552649?
0
What is the millions digit of 1244301833?
4
What is the hundreds digit of 1231833938?
9
What is the ten thousands digit of 1379217150?
1
What is the millions digit of 3449841?
3
What is the thousands digit of 38876835?
6
What is the hundred millions digit of 336510170?
3
What is the ten millions digit of 72157366?
7
What is the tens digit of 88265024?
2
What is the ten thousands digit of 117735980?
3
What is the thousands digit of 351986603?
6
What is the millions digit of 112850378?
2
What is the hundreds digit of 5446676?
6
What is the units digit of 114579711?
1
What is the hundreds digit of 30676263?
2
What is the hundreds digit of 1139309?
3
What is the ten thousands digit of 504695946?
9
What is the thousands digit of 2252018415?
8
What is the hundred thousands digit of 743659115?
6
What is the millions digit of 155599055?
5
What is the tens digit of 4261017215?
1
What is the units digit of 18018445?
5
What is the hundreds digit of 71614126?
1
What is the units digit of 1510685?
5
What is the units digit of 30188978?
8
What is the hundred thousands digit of 79476593?
4
What is the thousands digit of 739966865?
6
What is the units digit of 676048671?
1
What is the millions digit of 45318954?
5
What is the tens digit of 736818644?
4
What is the hundreds digit of 329243943?
9
What is the hundred millions digit of 1224029202?
2
What is the thousands digit of 2442605337?
5
What is the ten thousands digit of 72018262?
1
What is the billions digit of 2504585664?
2
What is the ten thousands digit of 10898168?
9
What is the ten millions digit of 508259352?
0
What is the hundreds digit of 2202212774?
7
What is the units digit of 249010359?
9
What is the millions digit of 132024838?
2
What is the millions digit of 759119071?
9
What is the hundreds digit of 181921706?
7
What is the ten millions digit of 22438671?
2
What is the hundreds digit of 88146054?
0
What is the thousands digit of 878907713?
7
What is the ten thousands digit of 107994747?
9
What is the millions digit of 821437306?
1
What is the millions digit of 114365714?
4
What is the hundred thousands digit of 1087270906?
2
What is the tens digit of 595499073?
7
What is the ten thousands digit of 239980413?
8
What is the units digit of 155034328?
8
What is the units digit of 2493702310?
0
What is the hundreds digit of 5401448263?
2
What is the hundreds digit of 420681909?
9
What is the thousands digit of 4275555821?
5
What is the thousands digit of 711235770?
5
What is the hundred millions digit of 5012221357?
0
What is the millions digit of 1165973059?
5
What is the ten millions digit of 946516868?
4
What is the millions digit of 897591655?
7
What is the ten millions digit of 825490131?
2
What is the ten thousands digit of 64439807?
3
What is the tens digit of 4389533423?
2
What is the hundred millions digit of 6036106744?
0
What is the millions digit of 107516947?
7
What is the hundred millions digit of 411711856?
4
What is the millions digit of 5383602?
5
What is the millions digit of 143508253?
3
What is the hundred thousands digit of 56628178?
6
What is the ten thousands digit of 843602003?
0
What is the hundreds digit of 470156647?
6
What is the thousands digit of 351383937?
3
What is the thousands digit of 152919742?
9
What is the ten millions digit of 880301401?
8
What is the hundred thousands digit of 14421892?
4
What is the ten millions digit of 2688551050?
8
What is the hundred thousands digit of 88761959?
7
What is the thousands digit of 39514?
9
What is the units digit of 222499034?
4
What is the hundred thousands digit of 296080057?
0
What is the ten millions digit of 260384949?
6
What is the ten thousands digit of 4796371?
9
What is the ten millions digit of 77634524?
7
What is the millions digit of 1804731006?
4
What is the hundred millions digit of 340147641?
3
What is the hundred millions digit of 171257178?
1
What is the hundred millions digit of 526166449?
5
What is the hundred millions digit of 1102336392?
1
What is the hundreds digit of 979097766?
7
What is the hundred thousands digit of 61049162?
0
What is the ten thousands digit of 63749512?
4
What is the millions digit of 302026417?
2
What is the tens digit of 62453296?
9
What is the hundreds digit of 3245673540?
5
What is the units digit of 279333419?
9
What is the millions digit of 112967710?
2
What is the millions digit of 230967757?
0
What is the units digit of 47906103?
3
What is the ten thousands digit of 677667053?
6
What is the units digit of 497037443?
3
What is the ten thousands digit of 2845273413?
7
What is the ten millions digit of 154174236?
5
What is the thousands digit of 915133585?
3
What is the hundreds digit of 48978546?
5
What is the hundreds digit of 107987263?
2
What is the thousands digit of 13419751?
9
What is the ten millions digit of 37951503?
3
What is the units digit of 20989652?
2
What is the thousands digit of 1534724528?
4
What is the billions digit of 3211448264?
3
What is the ten thousands digit of 297784147?
8
What is the hundred thousands digit of 514347543?
3
What is the millions digit of 65875280?
5
What is the hundred millions digit of 566667510?
5
What is the hundred thousands digit of 1767434970?
4
What is the tens digit of 4156490317?
1
What is the hundreds digit of 2491401128?
1
What is the ten millions digit of 309501730?
0
What is the thousands digit of 1722238719?
8
What is the thousands digit of 324223360?
3
What is the units digit of 74180250?
0
What is the tens digit of 112956948?
4
What is the hundred millions digit of 318052145?
3
What is the millions digit of 72855503?
2
What is the billions digit of 1995370060?
1
What is the ten thousands digit of 147489677?
8
What is the hundreds digit of 2912114768?
7
What is the hundred millions digit of 182252547?
1
What is the tens digit of 960070493?
9
What is the ten millions digit of 664691073?
6
What is the millions digit of 82709811?
2
What is the hundred thousands digit of 9797109?
7
What is the tens digit of 54814278?
7
What is the tens digit of 11291433?
3
What is the tens digit of 293383394?
9
What is the ten thousands digit of 58404629?
0
What is the units digit of 203563468?
8
What is the hundred millions digit of 4200831845?
2
What is the thousands digit of 1481721825?
1
What is the